t of 2200729842?
2
What is the ten thousands digit of 2457666716?
6
What is the millions digit of 192141621?
2
What is the hundred millions digit of 130028340?
1
What is the hundred thousands digit of 16223300?
2
What is the units digit of 44637902?
2
What is the ten thousands digit of 3433393803?
9
What is the tens digit of 58159759?
5
What is the ten millions digit of 11376108?
1
What is the units digit of 4608007472?
2
What is the hundred thousands digit of 30149629?
1
What is the thousands digit of 989024328?
4
What is the hundreds digit of 66418198?
1
What is the ten thousands digit of 525196654?
9
What is the thousands digit of 20663035?
3
What is the hundred millions digit of 397215410?
3
What is the units digit of 3814083?
3
What is the hundred millions digit of 536223593?
5
What is the hundred millions digit of 865320884?
8
What is the units digit of 2034561011?
1
What is the hundred thousands digit of 29052061?
0
What is the ten thousands digit of 96521475?
2
What is the units digit of 863426984?
4
What is the thousands digit of 1145285935?
5
What is the hundreds digit of 103838361?
3
What is the hundred thousands digit of 18261938?
2
What is the hundred thousands digit of 53893664?
8
What is the hundred millions digit of 734796489?
7
What is the hundred millions digit of 566352005?
5
What is the hundred millions digit of 384656572?
3
What is the hundred thousands digit of 13220407?
2
What is the tens digit of 37287681?
8
What is the thousands digit of 72238251?
8
What is the ten thousands digit of 329985100?
8
What is the ten thousands digit of 11253929?
5
What is the units digit of 3358040497?
7
What is the millions digit of 5274814?
5
What is the thousands digit of 289504430?
4
What is the hundreds digit of 8856020289?
2
What is the hundreds digit of 499650632?
6
What is the hundred millions digit of 240953973?
2
What is the hundred thousands digit of 34274599?
2
What is the millions digit of 121743191?
1
What is the ten thousands digit of 73107050?
0
What is the tens digit of 64043718?
1
What is the billions digit of 1469051819?
1
What is the hundreds digit of 346122711?
7
What is the millions digit of 1010297980?
0
What is the thousands digit of 41227126?
7
What is the hundred millions digit of 271237801?
2
What is the ten thousands digit of 975904418?
0
What is the hundred millions digit of 381751567?
3
What is the millions digit of 730748673?
0
What is the millions digit of 1637902906?
7
What is the millions digit of 1063562586?
3
What is the hundreds digit of 960380601?
6
What is the thousands digit of 4705518494?
8
What is the hundreds digit of 683086?
0
What is the tens digit of 2885346289?
8
What is the ten thousands digit of 56041530?
4
What is the hundred thousands digit of 83778887?
7
What is the millions digit of 2431970111?
1
What is the hundred thousands digit of 120268463?
2
What is the ten thousands digit of 56615561?
1
What is the hundreds digit of 1942996440?
4
What is the units digit of 347623996?
6
What is the hundred millions digit of 2880455690?
8
What is the thousands digit of 148177148?
7
What is the hundred thousands digit of 44422032?
4
What is the hundreds digit of 7552758676?
6
What is the millions digit of 477989920?
7
What is the hundreds digit of 38952502?
5
What is the hundred thousands digit of 988279583?
2
What is the hundreds digit of 352935647?
6
What is the millions digit of 1896942271?
6
What is the units digit of 609147113?
3
What is the hundred millions digit of 157880548?
1
What is the units digit of 57203845?
5
What is the millions digit of 112376620?
2
What is the units digit of 2263446949?
9
What is the hundred millions digit of 166489913?
1
What is the units digit of 1064658281?
1
What is the thousands digit of 55327949?
7
What is the ten thousands digit of 4056469969?
6
What is the thousands digit of 1442146?
2
What is the units digit of 724608340?
0
What is the units digit of 831914951?
1
What is the hundred thousands digit of 52449390?
4
What is the hundred millions digit of 320759847?
3
What is the thousands digit of 92797435?
7
What is the millions digit of 40830771?
0
What is the thousands digit of 415977813?
7
What is the ten thousands digit of 1609053173?
5
What is the ten thousands digit of 244356270?
5
What is the ten thousands digit of 53684561?
8
What is the ten thousands digit of 19546037?
4
What is the millions digit of 110203281?
0
What is the ten millions digit of 361109970?
6
What is the hundred thousands digit of 352967894?
9
What is the thousands digit of 720916641?
6
What is the hundreds digit of 783703343?
3
What is the millions digit of 37909297?
7
What is the ten thousands digit of 186755003?
5
What is the thousands digit of 170097951?
7
What is the ten millions digit of 1167635897?
6
What is the units digit of 2801218678?
8
What is the hundred thousands digit of 16678712?
6
What is the ten thousands digit of 149937557?
3
What is the hundred millions digit of 332317174?
3
What is the units digit of 311573902?
2
What is the ten thousands digit of 118592160?
9
What is the hundred millions digit of 642905940?
6
What is the units digit of 7363765?
5
What is the ten millions digit of 349922839?
4
What is the hundred thousands digit of 573182598?
1
What is the tens digit of 87967470?
7
What is the millions digit of 1563033058?
3
What is the hundred thousands digit of 31425951?
4
What is the hundred millions digit of 357633111?
3
What is the ten millions digit of 6910026181?
1
What is the units digit of 191472518?
8
What is the hundred thousands digit of 197684921?
6
What is the hundreds digit of 2768661704?
7
What is the millions digit of 6559454269?
9
What is the hundred millions digit of 1164047610?
1
What is the millions digit of 244396091?
4
What is the ten millions digit of 382678499?
8
What is the units digit of 115590715?
5
What is the ten millions digit of 90264626?
9
What is the thousands digit of 313922959?
2
What is the ten millions digit of 384583505?
8
What is the thousands digit of 23123776?
3
What is the ten millions digit of 2052286245?
5
What is the units digit of 4908743775?
5
What is the hundreds digit of 259388358?
3
What is the millions digit of 46929388?
6
What is the hundreds digit of 23999386?
3
What is the tens digit of 1055139737?
3
What is the hundred thousands digit of 182083529?
0
What is the ten millions digit of 1270122546?
7
What is the billions digit of 6982060245?
6
What is the tens digit of 65411235?
3
What is the tens digit of 458667895?
9
What is the tens digit of 132635257?
5
What is the hundreds digit of 54765064?
0
What is the ten millions digit of 74505226?
7
What is the billions digit of 1483091689?
1
What is the thousands digit of 128052909?
2
What is the units digit of 191407707?
7
What is the hundreds digit of 54673003?
0
What is the tens digit of 84543735?
3
What is the hundreds digit of 16889977?
9
What is the thousands digit of 88634855?
4
What is the units digit of 29948858?
8
What is the tens digit of 138049292?
9
What is the hundred thousands digit of 6958884778?
8
What is the hundreds digit of 5244009266?
2
What is the ten thousands digit of 1621136873?
3
What is the ten thousands digit of 33918039?
1
What is the hundred millions digit of 4519955478?
5
What is the ten thousands digit of 35384511?
8
What is the hundred millions digit of 382341004?
3
What is the hundred thousands digit of 6070692890?
6
What is the thousands digit of 74042087?
2
What is the millions digit of 41473205?
1
What is the units digit of 807735015?
5
What is the hundred thousands digit of 1327648130?
6
What is the ten thousands digit of 984751591?
5
What is the tens digit of 82407717?
1
What is the ten thousands digit of 8275376799?
7
What is the ten millions digit of 348381901?
4
What is the millions digit of 1148777820?
8
What is the hundred millions digit of 205367867?
2
What is the millions digit of 867049549?
7
What is the hundreds digit of 167316252?
2
What is the hundreds digit of 8228754?
7
What is the thousands digit of 92724446?
4
What is the hundred thousands digit of 166641997?
6
What is the hundreds digit of 292508588?
5
What is the thousands digit of 2161518803?
8
What is the hundred millions digit of 1509570996?
5
What is the 